. What is the highest common divisor of 38 and q?
19
Let f(u) = 2*u**2 - 2*u. Let b be f(2). Calculate the highest common divisor of b and 8.
4
Suppose 6*b - 350 = b. What is the greatest common divisor of 10 and b?
10
Suppose -4*z + 4*m = -32, 2*z - 3*m - 20 = -0*z. Suppose z*q - 7 = 1. Suppose -q*c + 48 = c. Calculate the greatest common factor of 32 and c.
16
Let i be (-4 + (-125)/(-15))*(5 - 2). What is the highest common divisor of i and 26?
13
Suppose -16 - 9 = -i. Let b = i - 13. Calculate the greatest common divisor of 96 and b.
12
Suppose -1143 = -5*l - 443. Calculate the highest common factor of 14 and l.
14
Suppose -19 = -2*t + t. Calculate the highest common factor of t and 133.
19
Let k(z) be the second derivative of 125*z**4/12 - z**3/6 - 2*z. Let v be k(1). Suppose -4*q + 444 = v. Calculate the greatest common factor of q and 10.
10
Let c be 71/3 - (-1)/3. Suppose 7*g = 4*g - c. Let x(r) = -r**3 - 7*r**2 + 7*r + 12. Let l be x(g). Calculate the greatest common divisor of l and 50.
10
Let p = 58 - 28. Let z be ((-8)/6)/(2/(-30)). What is the greatest common divisor of p and z?
10
Suppose 3*s + 34 = 2*z + 8, -z = -3*s - 16. What is the highest common factor of 25 and z?
5
Suppose -6*x - 25 = -7*x. Calculate the greatest common factor of 25 and x.
25
Let y be 3/6 + (-6)/(-12). Let k = y - -21. Calculate the greatest common factor of 33 and k.
11
Let w be (-209)/(-2) - (-4)/8. Calculate the highest common factor of w and 15.
15
Let n(w) = 16*w - 2. Let t be n(7). Calculate the highest common divisor of 10 and t.
10
Suppose 384 = -p + 17*p. Calculate the greatest common factor of 168 and p.
24
Suppose 209 = -x + 4*f - 18, 4*x = -f - 993. Let i be (-4)/10 - x/5. Let s be (4/(-6))/(2/(-21)). What is the greatest common divisor of s and i?
7
Let v be (-7)/(-4) + 3/12. Let i be v/(-4)*-2 - -9. Calculate the greatest common factor of 10 and i.
10
Let g = -59 + 86. Let i = g + -11. Suppose 0 = 3*c + 2*c - 5*t - 140, 20 = 5*t. Calculate the greatest common divisor of c and i.
16
Let a be (-736)/(-9) + 6/27. Suppose -2*o - a = -4*y + 2*y, 2*y = -o + 85. Let d = 1 + 5. What is the greatest common factor of y and d?
6
Suppose -d + 280 = 5*t - 182, 2*t - d = 189. What is the greatest common factor of 31 and t?
31
Suppose 3*t + f - 23 = 2*f, 3*f + 15 = 3*t. Suppose -8*v - 18 = -10*v. What is the highest common divisor of v and t?
9
Let r = -25 - -52. What is the highest common divisor of r and 36?
9
Let f be (28/16*-1)/((-1)/52). What is the highest common divisor of f and 7?
7
Let f(r) = r**3 + 11*r**2 - 2*r - 3. Suppose -6 = -s - 17. Let i be f(s). Calculate the highest common divisor of 38 and i.
19
Suppose 116 = 5*n + 4*x, 0*n + 2*x - 22 = -n. Suppose -50 = -3*g - 14. Calculate the highest common factor of g and n.
12
Suppose 0 = 3*t - 2*t + 8. Let o be 2/(-8) + (-66)/t. Calculate the highest common factor of 72 and o.
8
Suppose -36 + 11 = -5*c + 5*g, 4*g = 0. Let b(s) = s - 6. Let y be b(c). Let w be 1 - y - 96/(-4). Calculate the greatest common factor of w and 13.
13
Suppose -2*u = 4, -4*c - 3*u = -2*c - 22. What is the greatest common factor of c and 126?
14
Suppose -41 = 2*m + 3*k, -3 = 3*m - 5*k + 11. Let a = m + 29. What is the highest common factor of a and 4?
4
Suppose g - 2*x = 4, 5*x = -2*g + 2 + 15. Let d = g - 2. What is the highest common divisor of d and 2?
2
Let l(z) = 11*z - 4. Let s be l(8). What is the highest common divisor of 21 and s?
21
Let v be (-3)/(-2)*(-2 - -12). Calculate the highest common divisor of 18 and v.
3
Let j(u) = -10*u - 30. Let c be j(-6). Calculate the greatest common divisor of c and 10.
10
Let k = 30 + -15. Calculate the greatest common divisor of k and 15.
15
Let f(c) = c**3 - 4*c**2 - 6*c - 6. Suppose -k - 20 = -3*v, -6 = -5*k - 1. Let i be f(v). Calculate the greatest common factor of i and 9.
9
Let k = -709 + 805. Let u be ((-1)/(-2))/((-1)/(-24)). Calculate the greatest common divisor of u and k.
12
Let l(h) = h**2 - 3*h - 3. Let b be l(-2). Suppose 0 = -b*p + 2*p + 390. Suppose -5 - 54 = -5*f + 3*d, -8 = -4*d. What is the highest common divisor of f and p?
13
Let r(c) = -4*c + 1. Let x be r(-1). Suppose -p + x = 4*l, l = 4*p - 8 - 29. Let y = p - 6. What is the greatest common divisor of 6 and y?
3
Suppose a = -a - 4*m + 64, 0 = 3*a + 5*m - 101. Let b = -19 - -29. Let y = a - b. What is the greatest common divisor of y and 16?
16
Suppose 4*l + 0*l = 44. What is the highest common divisor of 88 and l?
11
Suppose -2*u + 3 + 0 = 3*n, 3*n - 2*u - 3 = 0. Let s(j) = 36*j**2 + j - 1. Let z be s(n). Let o = -22 - -31. Calculate the highest common factor of z and o.
9
Suppose j = -3, -26 = -t - j - 8. Calculate the highest common divisor of 3 and t.
3
Let w(r) = r**2 + 5*r + 8. Let m(q) = q - 2. Let v be m(-5). Let n be w(v). What is the highest common divisor of 2 and n?
2
Suppose -n = -3*n + 6. Suppose s - 13 = -h, 2*h - s - 8 = 3*s. Suppose -h = -5*l - 4*m + 9, 0 = -3*l + 2*m + 7. Calculate the highest common divisor of l and n.
3
Let t be 175*(-2 - 32/(-10)). Let x be t/(-18) - (-1)/(-3). Let a be 8/(-10)*(2 + x). Calculate the highest common divisor of a and 1.
1
Let p = 18 + -9. Let v = -8 - -13. Let i = 8 - v. Calculate the greatest common factor of p and i.
3
Let h(l) = -2*l - 3. Let n be h(-2). Let s = 4 + -2. What is the highest common factor of s and n?
1
Let s(u) = 2*u**3 - 3*u**2 - 3*u - 2. Let b be s(3). Let k = -9 - -13. Suppose k = -2*a, -5*p + p = -4*a - 40. What is the highest common factor of p and b?
8
Suppose 81 = 3*l + 27. Calculate the highest common factor of 198 and l.
18
Suppose -h + 0*h = -2. Let p be h/8 - (-374)/8. Let d = p - 21. What is the highest common divisor of d and 104?
26
Suppose 3*i + 4*z = 417, 0*i - 2*z = 5*i - 681. Suppose -37 - 32 = -5*d - 3*f, -2*d + 3*f + 36 = 0. What is the highest common divisor of d and i?
15
Let h = -51 - -205. What is the highest common divisor of 14 and h?
14
Let f(q) = -q**2 + 7*q + 9. Suppose -2 + 22 = 4*o. Let w be f(o). What is the greatest common divisor of 19 and w?
19
Let z be (28/(-10))/((-4)/20). Suppose -l - 1 = -z. What is the greatest common factor of l and 13?
13
Let g = 1 + -1. Suppose -3*v + g + 90 = 0. Let q(n) = -n**3 - n + 75. Let w be q(0). Calculate the highest common divisor of v and w.
15
Let m(w) = w**3 - 2*w**2 + 2. Let t be m(2). Suppose -d = t*k - 1 - 21, -2*k - 2 = -d. What is the highest common factor of 12 and d?
12
Let c = 34 - 5. Calculate the highest common factor of 116 and c.
29
Let f = -341 - -1661. Suppose -5*a = -n - 1320, 0 = 8*a - 3*a + n - f. Calculate the highest common factor of a and 24.
24
Suppose 3*p = p + 48. What is the greatest common factor of p and 60?
12
Suppose 4*v + 16 = -0*v. Let y be 7 + -6 + v/(-2). Let d be 2 - (2 - y)/1. Calculate the greatest common factor of d and 2.
1
Suppose -p - 14 = -0*p. Let g = p + 23. Calculate the highest common divisor of 36 and g.
9
Let i(k) = -k**3 - 6*k**2 - 2*k + 3. Let f be i(-6). Let n(m) = m**2 + 3*m - 5. Let p be n(-5). What is the greatest common factor of f and p?
5
Suppose -132 = -l - 3*f, 0 = -l - 5*f + 3*f + 133. Calculate the greatest common factor of 15 and l.
15
Let s be -3 - -1 - 1 - -60. Suppose n - s = 33. What is the highest common divisor of 10 and n?
10
Let l(z) = z**3 - 4*z**2 - 9*z + 4. Let k be l(6). Let d = -61 - -116. Calculate the highest common factor of d and k.
11
Let l = 51 - -54. What is the highest common factor of l and 21?
21
Let k be (-150)/(-170) + 2/17. What is the greatest common divisor of 1 and k?
1
Suppose -5*z + 11*z = 48. What is the greatest common divisor of 8 and z?
8
Let l = 16 + -10. Let b(f) = f - 1. Let w be b(l). Suppose 0 = 2*x - 3*x + w. Calculate the greatest common factor of x and 5.
5
Let a(x) = -4*x**2 - 4*x + 6 + 3*x**2 - 1 - 1. Let t be a(-4). Let y be t/(-14) + (-354)/(-14). Calculate the highest common factor of 25 and y.
25
Suppose 2*b + 11 = 2*p - 41, 5*p + 3*b - 162 = 0. Calculate the greatest common divisor of p and 90.
30
Suppose 6*x - 3*x - 15 = 0. Let q = x + -10. Let d be ((-12)/q)/(14/105). What is the highest common divisor of d and 45?
9
Let x = -17 - -33. What is the greatest common factor of x and 2?
2
Let d be -2 + 5 + (-3 - 0). Suppose -2*b + d*b - 12 = -q, 2*q - 16 = 